 digit of 3346183?
4
What is the thousands digit of 4673993?
3
What is the units digit of 33724?
4
What is the units digit of 603042?
2
What is the tens digit of 312505?
0
What is the thousands digit of 26956220?
6
What is the units digit of 632765?
5
What is the ten thousands digit of 758631?
5
What is the units digit of 952149?
9
What is the hundreds digit of 2005835?
8
What is the thousands digit of 113809?
3
What is the ten thousands digit of 181512?
8
What is the units digit of 36845134?
4
What is the hundreds digit of 994110?
1
What is the tens digit of 133499?
9
What is the ten thousands digit of 299579?
9
What is the thousands digit of 6322?
6
What is the tens digit of 1724932?
3
What is the ten thousands digit of 353289?
5
What is the units digit of 8564812?
2
What is the hundred thousands digit of 26625313?
6
What is the millions digit of 7836443?
7
What is the millions digit of 1074758?
1
What is the thousands digit of 1023091?
3
What is the tens digit of 234110?
1
What is the ten thousands digit of 754026?
5
What is the hundreds digit of 72837?
8
What is the hundred thousands digit of 305049?
3
What is the hundreds digit of 4167252?
2
What is the tens digit of 3298186?
8
What is the hundred thousands digit of 3211990?
2
What is the tens digit of 1850137?
3
What is the tens digit of 4178229?
2
What is the hundreds digit of 2909887?
8
What is the ten thousands digit of 279088?
7
What is the tens digit of 166028?
2
What is the ten thousands digit of 1046536?
4
What is the ten thousands digit of 4167198?
6
What is the tens digit of 547177?
7
What is the thousands digit of 95423?
5
What is the hundred thousands digit of 5413473?
4
What is the tens digit of 1250625?
2
What is the ten thousands digit of 1300189?
0
What is the units digit of 309233?
3
What is the ten thousands digit of 4246031?
4
What is the units digit of 959395?
5
What is the hundreds digit of 1638670?
6
What is the hundreds digit of 10755143?
1
What is the thousands digit of 886344?
6
What is the ten thousands digit of 1339326?
3
What is the hundred thousands digit of 8021533?
0
What is the hundreds digit of 398060?
0
What is the tens digit of 574824?
2
What is the millions digit of 1362499?
1
What is the hundreds digit of 334406?
4
What is the hundred thousands digit of 720561?
7
What is the hundreds digit of 595639?
6
What is the hundred thousands digit of 6309163?
3
What is the thousands digit of 126831?
6
What is the tens digit of 4539921?
2
What is the millions digit of 22215078?
2
What is the tens digit of 231034?
3
What is the thousands digit of 909431?
9
What is the units digit of 622654?
4
What is the tens digit of 9308419?
1
What is the millions digit of 18040885?
8
What is the ten thousands digit of 3520784?
2
What is the tens digit of 399636?
3
What is the thousands digit of 652352?
2
What is the thousands digit of 14572273?
2
What is the hundreds digit of 17595087?
0
What is the ten thousands digit of 4393299?
9
What is the units digit of 18241629?
9
What is the units digit of 221071?
1
What is the tens digit of 1904690?
9
What is the ten thousands digit of 726597?
2
What is the ten thousands digit of 855356?
5
What is the tens digit of 13038796?
9
What is the hundreds digit of 120217?
2
What is the tens digit of 7216814?
1
What is the hundreds digit of 674896?
8
What is the ten thousands digit of 1406571?
0
What is the tens digit of 1076630?
3
What is the units digit of 111972?
2
What is the ten thousands digit of 115521?
1
What is the units digit of 143588?
8
What is the hundreds digit of 6543163?
1
What is the ten thousands digit of 447302?
4
What is the hundreds digit of 274799?
7
What is the thousands digit of 2973484?
3
What is the units digit of 57495?
5
What is the hundred thousands digit of 1403967?
4
What is the tens digit of 489698?
9
What is the ten thousands digit of 9451161?
5
What is the ten thousands digit of 1848672?
4
What is the millions digit of 11620385?
1
What is the tens digit of 7246423?
2
What is the units digit of 585376?
6
What is the units digit of 136522?
2
What is the thousands digit of 248792?
8
What is the thousands digit of 4503753?
3
What is the units digit of 6703605?
5
What is the thousands digit of 442324?
2
What is the millions digit of 12690508?
2
What is the hundred thousands digit of 1519796?
5
What is the hundreds digit of 276441?
4
What is the hundreds digit of 99997?
9
What is the hundred thousands digit of 526258?
5
What is the units digit of 143038?
8
What is the tens digit of 3751825?
2
What is the units digit of 499873?
3
What is the units digit of 1155078?
8
What is the units digit of 17483363?
3
What is the hundred thousands digit of 13643219?
6
What is the tens digit of 17375586?
8
What is the tens digit of 51783?
8
What is the hundreds digit of 184740?
7
What is the thousands digit of 5654431?
4
What is the units digit of 17084024?
4
What is the units digit of 37730?
0
What is the hundreds digit of 377566?
5
What is the tens digit of 225230?
3
What is the hundreds digit of 20064459?
4
What is the hundreds digit of 787704?
7
What is the hundred thousands digit of 212706?
2
What is the units digit of 3020511?
1
What is the hundreds digit of 452870?
8
What is the thousands digit of 241885?
1
What is the hundreds digit of 706794?
7
What is the hundreds digit of 996768?
7
What is the hundreds digit of 724684?
6
What is the ten thousands digit of 3050804?
5
What is the hundred thousands digit of 1304644?
3
What is the tens digit of 9608564?
6
What is the millions digit of 2472049?
2
What is the hundreds digit of 378521?
5
What is the hundreds digit of 3113375?
3
What is the thousands digit of 641266?
1
What is the thousands digit of 102330?
2
What is the thousands digit of 5873815?
3
What is the thousands digit of 235247?
5
What is the units digit of 1832744?
4
What is the tens digit of 6009863?
6
What is the hundred thousands digit of 1707945?
7
What is the millions digit of 17941803?
7
What is the millions digit of 1214106?
1
What is the hundred thousands digit of 1058828?
0
What is the ten thousands digit of 1850093?
5
What is the thousands digit of 194391?
4
What is the ten thousands digit of 449638?
4
What is the millions digit of 6473733?
6
What is the hundreds digit of 829358?
3
What is the hundreds digit of 940931?
9
What is the hundred thousands digit of 224606?
2
What is the millions digit of 1164462?
1
What is the thousands digit of 4934863?
4
What is the units digit of 213506?
6
What is the tens digit of 469055?
5
What is the hundreds digit of 249581?
5
What is the tens digit of 2056638?
3
What is the units digit of 1922993?
3
What is the millions digit of 20728609?
0
What is the units digit of 79498?
8
What is the ten thousands digit of 203740?
0
What is the ten thousands digit of 94629?
9
What is the ten thousands digit of 18663187?
6
What is the units digit of 9679301?
1
What is the hundred thousands digit of 442495?
4
What is the ten thousands digit of 2765556?
6
What is the tens digit of 238620?
2
What is the tens digit of 11152535?
3
What is the thousands digit of 253389?
3
What is the tens digit of 101161?
6
What is the hundred thousands digit of 704692?
7
What is the thousands digit of 419745?
9
What is the ten thousands digit of 35650115?
5
What is the tens digit of 645285?
8
What is the ten thousands digit of 3780126?
8
What is the tens digit of 2554830?
3
What is the hundreds digit of 22049800?
8
What is the tens digit of 1519630?
3
What is the hundreds digit of 3040905?
9
What is the ten thousands digit of 678328?
7
What is the ten thousands digit of 9597113?
9
What is the thousands digit of 4633628?
3
What is the ten millions digit of 14639425?
1
What is the units digit of 2856721?
1
What is the units digit of 1001358?
8
What is the units digit of 108879?
9
What is the ten thousands digit of 21767121?
6
What is the units digit of 126113?
3
What is the units digit of 38576?
6
What is the ten thousands digit of 263934?
6
What is the units digit of 1159541?
1
What is the thousands digit of 1986306?
6
What is the hundred thousands digit of 22366195?
3
What is the ten thousands digit of 2124886?
2
What is the hundred thousands digit of 6660708?
6
What is the units digit of 527506?
6
What